{"id":1591,"date":"2019-01-04T07:32:10","date_gmt":"2019-01-04T07:32:10","guid":{"rendered":"http:\/\/al-tet-onlinesales.allyoulovetrading.com\/?post_type=product&#038;p=1591"},"modified":"2019-01-04T07:32:13","modified_gmt":"2019-01-04T07:32:13","slug":"cj1w-nc71-2","status":"publish","type":"product","link":"https:\/\/al-tet-onlinesales.adbridgessolution.com\/index.php\/product\/cj1w-nc71-2\/","title":{"rendered":"CJ1W-NC[]71"},"content":{"rendered":"<h4 class=\"heading-B02\">Even Smaller<\/h4>\n<div class=\"component-blockA01\">\n<div class=\"text\">\n<p>Positioning of up to 16 axes can be controlled with a body the size of one CJ-series Unit.<br \/>\nThe compact body provides a perfect fit to meet the need for downsizing of equipment for multi-axis control.<\/p>\n<\/div>\n<\/div>\n<h4 class=\"heading-B02\">Single-cable Connection with Flexible Wiring Placement<\/h4>\n<div class=\"component-blockA01\">\n<div class=\"text\">\n<p>With MECHATROLINK-II, connecting to the Servo Drive is easy. Just use a single cable (2-core shielded twisted-pair cable). Reduced wiring, with a total cable length of 50 m (or 30 m for 16 axes), allows more freedom in constructing systems.<\/p>\n<\/div>\n<\/div>\n<h4 class=\"heading-B02\">Less Time Spent on Startup and Maintenance<\/h4>\n<div class=\"component-blockA01\">\n<div class=\"text\">\n<p>Servo parameters can be set from the PLC.<br \/>\nThis means that settings and adjustments can be performed from one location rather than having to connect to each Servo Drive separately.<\/p>\n<\/div>\n<\/div>\n<h4 class=\"heading-B02\">Simple Expansion<\/h4>\n<div class=\"component-blockA01\">\n<div class=\"text\">\n<p>An easily expandable system can be constructed that is just as efficient now with a few axes or later with up to 16 axes.<\/p>\n<\/div>\n<\/div>\n<h4 class=\"heading-B02\">Linked Operation of Multiple Axes with MA Functionality<\/h4>\n<div class=\"component-blockA01\">\n<div class=\"text\">\n<p>The addition of an Interpolation Compensation Axis Stop Mode Setting and Interaxial Allowance Deviation Setting to linear interpolation compensation enables easier setting of linked operation between axes.<\/p>\n<\/div>\n<\/div>\n<p>&nbsp;<\/p>\n<h4 class=\"heading-B02\">International Standards<\/h4>\n<div class=\"component-blockA01\">\n<div class=\"text\">\n<ul class=\"listA01\">\n<li>The standards are abbreviated as follows: U: UL, U1: UL(Class I Division 2 Products for Hazardous Locations), C: CSA, UC: cULus, UC1: cULus (Class I Division 2 Products for Hazardous Locations), CU: cUL, N: NK, L: Lloyd, and CE: EC Directives.<\/li>\n<li>Contact your OMRON representative for further details and applicable conditions for these standards.<\/li>\n<\/ul>\n<\/div>\n<\/div>\n<h4 class=\"heading-A02\">CJ-series Units<\/h4>\n<div class=\"component-blockA01\">\n<div class=\"text\">\n<div class=\"table-blockA01\">\n<table class=\"tableA01\" border=\"0\" cellspacing=\"0\">\n<tbody>\n<tr>\n<th class=\"heading center middle\" colspan=\"1\" rowspan=\"2\"><strong>Unit<br \/>\ntype<\/strong><\/th>\n<td class=\"heading center middle\" colspan=\"1\" rowspan=\"2\"><strong>Product name<\/strong><\/td>\n<th class=\"heading center middle\" colspan=\"2\" rowspan=\"1\"><strong>Specifications<\/strong><\/th>\n<td class=\"heading center middle\" colspan=\"1\" rowspan=\"2\"><strong>No. of<br \/>\nunit<br \/>\nnumbers<br \/>\nallocated<\/strong><\/td>\n<th class=\"heading center middle\" colspan=\"2\" rowspan=\"1\"><strong>Current<br \/>\nconsumption<br \/>\n(A)<\/strong><\/th>\n<td class=\"heading center middle\" colspan=\"1\" rowspan=\"2\"><strong>Model<\/strong><\/td>\n<th class=\"heading center middle\" colspan=\"1\" rowspan=\"2\"><strong>Stand-<br \/>\nards<\/strong><\/th>\n<\/tr>\n<tr>\n<th class=\"heading center middle\"><strong>Control output interface<\/strong><\/th>\n<td class=\"heading center middle\"><strong>No. of<br \/>\naxes<\/strong><\/td>\n<th class=\"heading center middle\"><strong>5 V<\/strong><\/th>\n<td class=\"heading center middle\"><strong>24 V<\/strong><\/td>\n<\/tr>\n<tr>\n<th class=\"heading left middle\" colspan=\"1\" rowspan=\"4\"><strong>CJ1<br \/>\nCPU<br \/>\nBus<br \/>\nUnits<\/strong><\/th>\n<td class=\"heading left middle\" colspan=\"1\" rowspan=\"4\"><strong>Position Control<br \/>\nUnit with<br \/>\nMECHATROLINK-<br \/>\nII interface<\/strong><\/p>\n<div class=\"image\"><strong><img title=\"1528_lu_1_1\" src=\"http:\/\/www.ia.omron.com\/Images\/1528_lu_1_113-251376.gif\" alt=\"1528_lu_1_1\" \/><\/strong><\/div>\n<\/td>\n<td class=\"left middle\" colspan=\"1\" rowspan=\"4\">Control commands executed by<br \/>\nMECHATROLINK-II<br \/>\nsynchronous communications.<br \/>\nDirect operation by ladder programming.<br \/>\nControl mode: Position control, speed<br \/>\ncontrol, or torque control<\/td>\n<td class=\"center middle\">2<\/td>\n<td class=\"center middle\" colspan=\"1\" rowspan=\"4\">1<\/td>\n<td class=\"center middle\" colspan=\"1\" rowspan=\"4\">0.36<\/td>\n<td class=\"center middle\" colspan=\"1\" rowspan=\"4\">&#8212;<\/td>\n<td class=\"left middle\"><strong>CJ1W-NC271<\/strong><\/td>\n<td class=\"left middle\" colspan=\"1\" rowspan=\"4\">UC1,<br \/>\nCE<\/td>\n<\/tr>\n<tr>\n<td class=\"center middle\">4<\/td>\n<td class=\"left middle\"><strong>CJ1W-NC471<\/strong><\/td>\n<\/tr>\n<tr>\n<td class=\"center middle\">16<\/td>\n<td class=\"left middle\"><strong>CJ1W-NCF71<\/strong><\/td>\n<\/tr>\n<tr>\n<td class=\"center middle\">16<\/td>\n<td class=\"left middle\"><strong>CJ1W-NCF71-MA<\/strong><\/td>\n<\/tr>\n<\/tbody>\n<\/table>\n<\/div>\n<\/div>\n<\/div>\n<div class=\"component-blockA01\">\n<div class=\"text\">\n<p>Note: This unit cannot be used with the Machine Automation Controller NJ-series.<\/p>\n<\/div>\n<\/div>\n<h4 class=\"heading-A02\">Support Software<\/h4>\n<div class=\"component-blockA01\">\n<div class=\"text\">\n<div class=\"table-blockA01\">\n<table class=\"tableA01\" border=\"0\" cellspacing=\"0\">\n<tbody>\n<tr class=\"first-child\">\n<th class=\"heading center middle\"><strong>Product<br \/>\nname<\/strong><\/th>\n<th class=\"heading center middle\"><strong>Specifications<\/strong><\/th>\n<th class=\"heading center middle\"><strong>Number<br \/>\nof<br \/>\nlicenses<\/strong><\/th>\n<th class=\"heading center middle\"><strong>Media<\/strong><\/th>\n<th class=\"heading center middle\"><strong>Model<\/strong><\/th>\n<th class=\"heading center middle\"><strong>Stand-<br \/>\nards<\/strong><\/th>\n<\/tr>\n<tr>\n<th class=\"heading left middle\"><strong>FA<br \/>\nIntegrated<br \/>\nTool<br \/>\nPackage<br \/>\nCX-One<br \/>\nVer. 4.[]<\/strong><\/th>\n<td class=\"left middle\">The CX-One is a comprehensive software package<br \/>\nthatintegrates Support Software for OMRON PLCs<br \/>\nandcomponents. CX-One runs on the following OS.<br \/>\nOS: Windows XP (Service Pack 3 or higher, 32-bit<br \/>\nversion)\/Windows Vista (32-bit\/64-bit version)\/<br \/>\nWindows 7 (32-bit\/64-bit version)\/Windows 8 (32-<br \/>\nbit\/64-bit version)\/Windows 8.1 (32-bit\/64-bit<br \/>\nversion)\/Windows 10 (32-bit\/64-bit version)<\/p>\n<p>CX-One Ver. 4.[] includes CX-Motion-NCF Ver.<br \/>\n1.[]. For details, refer to the CX-One catalog<br \/>\n(Cat. No. R134).<\/td>\n<td class=\"center middle\">1 license<br \/>\n*<\/td>\n<td class=\"center middle\">DVD<\/td>\n<td class=\"left middle\"><strong>CXONE-AL01D-V4<\/strong><\/td>\n<td class=\"center middle\">&#8212;<\/td>\n<\/tr>\n<\/tbody>\n<\/table>\n<\/div>\n<\/div>\n<\/div>\n<div class=\"component-blockA01\">\n<div class=\"text\">\n<p>* Multi licenses (3, 10, 30, or 50 licenses) and DVD media without licenses are also available for the CX-One.<\/p>\n<\/div>\n<\/div>\n<h4 class=\"heading-A02\">MECHATROLINK-related Devices and Cables (Manufactured by Yaskawa Corporation)<\/h4>\n<div class=\"component-blockA01\">\n<div class=\"text\">\n<div class=\"table-blockA01\">\n<table class=\"tableA01\" border=\"0\" cellspacing=\"0\">\n<tbody>\n<tr class=\"first-child\">\n<th class=\"heading center middle\" colspan=\"2\" rowspan=\"1\"><strong>Name<\/strong><\/th>\n<th class=\"heading center middle\"><strong>OMRON model number<\/strong><\/th>\n<th class=\"heading center middle\"><strong>Yaskawa model number<\/strong><\/th>\n<\/tr>\n<tr>\n<td class=\"left middle\" colspan=\"1\" rowspan=\"7\">MECHATROLINK-II Cables<br \/>\n(with ring core and USB connector on both ends)<\/td>\n<td class=\"left middle\">0.5 m<\/td>\n<td class=\"left middle\"><strong>FNY-W6003-A5<\/strong><\/td>\n<td class=\"left middle\"><strong>JEPMC-W6003-A5<\/strong><\/td>\n<\/tr>\n<tr>\n<td class=\"left middle\">1.0 m<\/td>\n<td class=\"left middle\"><strong>FNY-W6003-01<\/strong><\/td>\n<td class=\"left middle\"><strong>JEPMC-W6003-01<\/strong><\/td>\n<\/tr>\n<tr>\n<td class=\"left middle\">3.0 m<\/td>\n<td class=\"left middle\"><strong>FNY-W6003-03<\/strong><\/td>\n<td class=\"left middle\"><strong>JEPMC-W6003-03<\/strong><\/td>\n<\/tr>\n<tr>\n<td class=\"left middle\">5.0 m<\/td>\n<td class=\"left middle\"><strong>FNY-W6003-05<\/strong><\/td>\n<td class=\"left middle\"><strong>JEPMC-W6003-05<\/strong><\/td>\n<\/tr>\n<tr>\n<td class=\"left middle\">10.0 m<\/td>\n<td class=\"left middle\"><strong>FNY-W6003-10<\/strong><\/td>\n<td class=\"left middle\"><strong>JEPMC-W6003-10<\/strong><\/td>\n<\/tr>\n<tr>\n<td class=\"left middle\">20.0 m<\/td>\n<td class=\"left middle\"><strong>FNY-W6003-20<\/strong><\/td>\n<td class=\"left middle\"><strong>JEPMC-W6003-20<\/strong><\/td>\n<\/tr>\n<tr>\n<td class=\"left middle\">30.0 m<\/td>\n<td class=\"left middle\"><strong>FNY-W6003-30<\/strong><\/td>\n<td class=\"left middle\"><strong>JEPMC-W6003-30<\/strong><\/td>\n<\/tr>\n<tr>\n<td class=\"left middle\">MECHATROLINK-II Terminating Resistor<\/td>\n<td class=\"left middle\">Terminating resistance<\/td>\n<td class=\"left middle\"><strong>FNY-W6022<\/strong><\/td>\n<td class=\"left middle\"><strong>JEPMC-W6022<\/strong><\/td>\n<\/tr>\n<tr>\n<td class=\"left middle\">MECHATROLINK-II Repeater<\/td>\n<td class=\"left middle\">Communications Repeater<\/td>\n<td class=\"center middle\">&#8212;<\/td>\n<td class=\"left middle\"><strong>JEPMC-REP2000-E<\/strong><\/td>\n<\/tr>\n<\/tbody>\n<\/table>\n<\/div>\n<\/div>\n<\/div>\n<div class=\"component-blockA01\">\n<div class=\"text\">\n<div>Note: MECHATROLINK-related Devices and Cables are manufactured by Yaskawa Corporation, but they can be ordered<br \/>\ndirectly from OMRON using the OMRON model numbers. (Yaskawa-brand products will be delivered even when<br \/>\nthey are ordered from OMRON.)<\/div>\n<\/div>\n<\/div>\n<div><\/div>\n<div>\n<h4 class=\"heading-A02\">General Specifications<\/h4>\n<div class=\"component-blockA01 set-width\">\n<div class=\"text\">\n<div class=\"table-blockA01\">\n<table class=\"tableA01\" border=\"0\" cellspacing=\"0\">\n<tbody>\n<tr>\n<th class=\"heading center middle\"><strong>Item<\/strong><\/th>\n<td class=\"heading center middle\"><strong>Specifications<\/strong><\/td>\n<\/tr>\n<tr>\n<th class=\"heading left middle\"><strong>Model<\/strong><\/th>\n<td class=\"left middle\">CJ1W-NC271\/471\/F71 (-MA)<\/td>\n<\/tr>\n<tr>\n<th class=\"heading left middle\"><strong>Internal current consumption<\/strong><\/th>\n<td class=\"left middle\">360 mA max. at 5 V DC<\/td>\n<\/tr>\n<tr>\n<th class=\"heading left middle\"><strong>Dimensions<\/strong><\/th>\n<td class=\"left middle\">31 \u00d7 90 \u00d7 65 mm (W \u00d7 H \u00d7 D)<\/td>\n<\/tr>\n<tr>\n<th class=\"heading left middle\"><strong>Weight<\/strong><\/th>\n<td class=\"left middle\">95 g max.<\/td>\n<\/tr>\n<tr>\n<th class=\"heading left middle\"><strong>Ambient operating temperature<\/strong><\/th>\n<td class=\"left middle\">0 to 55\u00b0C<\/td>\n<\/tr>\n<tr>\n<th class=\"heading left middle\"><strong>Approved standards<\/strong><\/th>\n<td class=\"left middle\">CE, cULus, and C-tick<\/td>\n<\/tr>\n<\/tbody>\n<\/table>\n<\/div>\n<\/div>\n<\/div>\n<div class=\"component-blockA01\">\n<div class=\"text\">\n<p>Specifications not listed above conform to general CJ Series specifications.<\/p>\n<\/div>\n<\/div>\n<h4 class=\"heading-A02\">Functions and Specifications<\/h4>\n<div class=\"component-blockA01\">\n<div class=\"text\">\n<div class=\"table-blockA01\">\n<table class=\"tableA01\" border=\"0\" cellspacing=\"0\">\n<tbody>\n<tr class=\"first-child\">\n<th class=\"heading center middle\" colspan=\"2\" rowspan=\"1\"><strong>Item<\/strong><\/th>\n<th class=\"heading center middle\"><strong>Specifications<\/strong><\/th>\n<\/tr>\n<tr>\n<th class=\"heading left middle\" colspan=\"2\" rowspan=\"1\"><strong>Unit classification<\/strong><\/th>\n<td class=\"left middle\">CPU Bus Unit<\/td>\n<\/tr>\n<tr>\n<th class=\"heading left middle\" colspan=\"2\" rowspan=\"1\"><strong>Applicable PLCs<\/strong><\/th>\n<td class=\"left middle\">CJ Series<\/td>\n<\/tr>\n<tr>\n<th class=\"heading left middle\" colspan=\"2\" rowspan=\"1\"><strong>Possible unit number settings<\/strong><\/th>\n<td class=\"left middle\">0 to F<\/td>\n<\/tr>\n<tr>\n<th class=\"heading left middle\" colspan=\"1\" rowspan=\"2\"><strong>I\/O<br \/>\nallocations<\/strong><\/th>\n<th class=\"heading left middle\"><strong>Common Operating<br \/>\nMemory Area<\/strong><\/th>\n<td class=\"left middle\">Words allocated in CPU Bus Unit Area: 25 words (15 output words, 10 input words)<\/td>\n<\/tr>\n<tr>\n<th class=\"heading left middle\"><strong>Axis Operating<br \/>\nMemory Area<\/strong><\/th>\n<td class=\"left middle\">Allocated in one of the following areas (user-specified):<br \/>\nCIO, Work, Auxiliary, Holding, DM, or EM Area.<br \/>\nNumber of words allocated: 50 words (25 output words, 25 input words) \u00d7 Highest<br \/>\naxis No. used<\/td>\n<\/tr>\n<tr>\n<th class=\"heading left middle\" colspan=\"2\" rowspan=\"1\"><strong>Compatible devices<\/strong><\/th>\n<td class=\"left middle\">OMRON G5-series Servo Drives (Built-in MECHATROLINK-II communications)<br \/>\nOMRON G-series Servo Drives (Built-in MECHATROLINK-II communications)<\/td>\n<\/tr>\n<tr>\n<th class=\"heading left middle\" colspan=\"2\" rowspan=\"1\"><strong>Control method<\/strong><\/th>\n<td class=\"left middle\">Control commands executed using MECHATROLINK-II synchronous communications.<\/td>\n<\/tr>\n<tr>\n<th class=\"heading left middle\" colspan=\"2\" rowspan=\"1\"><strong>Maximum number of controlled<br \/>\naxes<\/strong><\/th>\n<td class=\"left middle\">CJ1W-NC271: 2 axes, CJ1W-NC471: 4 axes, CJ1W-NCF71: 16 axes<\/td>\n<\/tr>\n<tr>\n<th class=\"heading left middle\" colspan=\"1\" rowspan=\"5\"><strong>Control<br \/>\nunits<\/strong><\/th>\n<th class=\"heading left middle\"><strong>Position command<br \/>\nunit<\/strong><\/th>\n<td class=\"left middle\">Command unit:Depends on the Electronic Gear Setting in the Servo Parameters.<br \/>\nDefault setting: Pulses<\/td>\n<\/tr>\n<tr>\n<th class=\"heading left middle\"><strong>Speed command<br \/>\nunit for position<br \/>\ncontrol<\/strong><\/th>\n<td class=\"left middle\">Command units\/s<\/td>\n<\/tr>\n<tr>\n<th class=\"heading left middle\"><strong>Acceleration\/<br \/>\ndeceleration<br \/>\nspeeds for position<br \/>\ncontrol<\/strong><\/th>\n<td class=\"left middle\">10,000 command units\/s2<\/td>\n<\/tr>\n<tr>\n<th class=\"heading left middle\"><strong>Speed command<br \/>\nunit for speed<br \/>\ncontrol<\/strong><\/th>\n<td class=\"left middle\">0.001% of the motor&#8217;s momentary maximum rotation speed<\/td>\n<\/tr>\n<tr>\n<th class=\"heading left middle\"><strong>Torque command<br \/>\nunit for torque<br \/>\ncontrol<\/strong><\/th>\n<td class=\"left middle\">0.001% of the motor&#8217;s momentary maximum torque<\/td>\n<\/tr>\n<tr>\n<th class=\"heading left middle\" colspan=\"1\" rowspan=\"5\"><strong>Control<br \/>\ncommand<br \/>\nrange<\/strong><\/th>\n<th class=\"heading left middle\"><strong>Position command<br \/>\nrange<\/strong><\/th>\n<td class=\"left middle\">2,147,483,648 to 2,147,483,647 (command units)<\/td>\n<\/tr>\n<tr>\n<th class=\"heading left middle\"><strong>Speed command<br \/>\nrange for position<br \/>\ncontrol<\/strong><\/th>\n<td class=\"left middle\">0 to 2,147,483,647 (command units\/s)<\/td>\n<\/tr>\n<tr>\n<th class=\"heading left middle\"><strong>Acceleration\/<br \/>\ndeceleration<br \/>\nspeeds for position<br \/>\ncontrol<\/strong><\/th>\n<td class=\"left middle\">1 to 65,535 (10,000 command units\/s2)<\/td>\n<\/tr>\n<tr>\n<th class=\"heading left middle\"><strong>Speed command<br \/>\nrange for speed<br \/>\ncontrol<\/strong><\/th>\n<td class=\"left middle\">-199.999% to 199.999%<br \/>\nThe upper limit of the speed command range depends on the specifications of the<br \/>\nServo Drive.<\/td>\n<\/tr>\n<tr>\n<th class=\"heading left middle\"><strong>Torque command<br \/>\nrange for torque<br \/>\ncontrol<\/strong><\/th>\n<td class=\"left middle\">-199.999% to 199.999%<br \/>\nThe upper limit of the torque command range depends on the specifications of<br \/>\nthe Servo Drive.<\/td>\n<\/tr>\n<tr>\n<th class=\"heading left middle\" colspan=\"1\" rowspan=\"8\"><strong>Control<br \/>\nfunctions<\/strong><\/th>\n<th class=\"heading left middle\"><strong>Servo lock\/unlock<\/strong><\/th>\n<td class=\"left middle\">Creates (Servo lock) or releases (Servo unlock) the position loop on the PCU.<\/td>\n<\/tr>\n<tr>\n<th class=\"heading left middle\"><strong>Position control<\/strong><\/th>\n<td class=\"left middle\">Positions to an absolute position or relative position according to the target<br \/>\nposition and target speed specified from the ladder program.<\/td>\n<\/tr>\n<tr>\n<th class=\"heading left middle\"><strong>Origin<br \/>\ndetermination<\/strong><\/th>\n<td class=\"left middle\">Origin search: Establishes the origin using the specified search method.<br \/>\nPresent position preset: Changes the present position to a specified position to<br \/>\nestablish the origin.<br \/>\nOrigin return: Returns the axis from any position to the established origin.<br \/>\nAbsolute encoder origin: Establishes the origin using a Servomotor that has an<br \/>\nabsolute encoder, without having to use an origin search.<\/td>\n<\/tr>\n<tr>\n<th class=\"heading left middle\"><strong>Jogging<\/strong><\/th>\n<td class=\"left middle\">Outputs pulses at a fixed speed in the forward rotation or reverse rotation<br \/>\ndirection.<\/td>\n<\/tr>\n<tr>\n<th class=\"heading left middle\"><strong>Interrupt feeding<\/strong><\/th>\n<td class=\"left middle\">Performs positioning by moving the axis a fixed amount when an external interrupt<br \/>\ninput is received while the axis is moving.<\/td>\n<\/tr>\n<tr>\n<th class=\"heading left middle\"><strong>Speed control<\/strong><\/th>\n<td class=\"left middle\">Performs speed control by sending a command to the Servo Drive speed loop.<\/td>\n<\/tr>\n<tr>\n<th class=\"heading left middle\"><strong>Torque control<\/strong><\/th>\n<td class=\"left middle\">Performs torque control by sending a command to the Servo Drive current loop.<\/td>\n<\/tr>\n<tr>\n<th class=\"heading left middle\"><strong>Stop functions<\/strong><\/th>\n<td class=\"left middle\">Deceleration stop: Decelerates the moving axis to a stop.<br \/>\nEmergency stop: Positions the moving axis for the number of pulses remaining in<br \/>\nthe deviation counter and then stops the axis.<\/td>\n<\/tr>\n<tr>\n<th class=\"heading left middle\" colspan=\"1\" rowspan=\"8\"><strong>Auxiliary<br \/>\nfunctions<\/strong><\/th>\n<th class=\"heading left middle\"><strong>Acceleration\/<br \/>\ndeceleration<br \/>\ncurves<\/strong><\/th>\n<td class=\"left middle\">Sets one of the following: a trapezoidal (linear) curve, an exponential curve, or an<br \/>\nS-curve (moving average).<\/td>\n<\/tr>\n<tr>\n<th class=\"heading left middle\"><strong>Torque limit<\/strong><\/th>\n<td class=\"left middle\">Restricts the output torque during axis operation.<\/td>\n<\/tr>\n<tr>\n<th class=\"heading left middle\"><strong>Override<\/strong><\/th>\n<td class=\"left middle\">Multiplies the axis command speed by a specified ratio.<br \/>\nOverride: 0.01% to 327.67%<\/td>\n<\/tr>\n<tr>\n<th class=\"heading left middle\"><strong>Servo parameter<br \/>\ntransfer<\/strong><\/th>\n<td class=\"left middle\">Reads and writes the Servo Drive parameters from the ladder program in the CPU<br \/>\nUnit.<\/td>\n<\/tr>\n<tr>\n<th class=\"heading left middle\"><strong>Monitoring<br \/>\nfunction<\/strong><\/th>\n<td class=\"left middle\">Monitors the control status of the Servo Drive, such as the command coordinate<br \/>\npositions, feedback position, current speed, and torque.<\/td>\n<\/tr>\n<tr>\n<th class=\"heading left middle\"><strong>Software limits<\/strong><\/th>\n<td class=\"left middle\">Limits software operation within the positioning range during position control.<\/td>\n<\/tr>\n<tr>\n<th class=\"heading left middle\"><strong>Backlash<br \/>\ncompensation<\/strong><\/th>\n<td class=\"left middle\">Compensates for the amount of play in the mechanical system according to a set<br \/>\nvalue.<\/td>\n<\/tr>\n<tr>\n<th class=\"heading left middle\"><strong>Deviation counter<br \/>\nreset<\/strong><\/th>\n<td class=\"left middle\">The position deviation in the Servo Drive&#8217;s deviation counter can be reset to 0<br \/>\n(unit version 1.3 or later).<\/td>\n<\/tr>\n<tr>\n<th class=\"heading left middle\" colspan=\"1\" rowspan=\"2\"><strong>External<br \/>\nI\/O<\/strong><\/th>\n<th class=\"heading left middle\"><strong>Position Control<br \/>\nUnit<\/strong><\/th>\n<td class=\"left middle\">One MECHATROLINK-II interface port<\/td>\n<\/tr>\n<tr>\n<th class=\"heading left middle\"><strong>Servo Drive I\/O<\/strong><\/th>\n<td class=\"left middle\">Forward\/reverse rotation limit inputs, origin proximity inputs, external interrupt<br \/>\ninputs 1 to 3 (can be used as external origin inputs)<\/td>\n<\/tr>\n<tr>\n<th class=\"heading left middle\" colspan=\"2\" rowspan=\"1\"><strong>Self-diagnostic functions<\/strong><\/th>\n<td class=\"left middle\">Watchdog, flash memory check, memory corruption check<\/td>\n<\/tr>\n<tr>\n<th class=\"heading left middle\" colspan=\"2\" rowspan=\"1\"><strong>Error detection functions<\/strong><\/th>\n<td class=\"left middle\">Overtravel, Servo Drive alarm detection, CPU error, MECHATROLINK<br \/>\ncommunications error, Unit setting error<\/td>\n<\/tr>\n<\/tbody>\n<\/table>\n<\/div>\n<\/div>\n<\/div>\n<h4 class=\"heading-A02\">MECHATROLINK Specifications<\/h4>\n<div class=\"component-blockA01 set-width\">\n<div class=\"text\">\n<div class=\"table-blockA01\">\n<table class=\"tableA01\" border=\"0\" cellspacing=\"0\">\n<tbody>\n<tr>\n<th class=\"heading center middle\"><strong>Item<\/strong><\/th>\n<td class=\"heading center middle\"><strong>Specifications<\/strong><\/td>\n<\/tr>\n<tr>\n<th class=\"heading left middle\"><strong>Communications protocol<\/strong><\/th>\n<td class=\"left middle\">MECHATROLINK-II<\/td>\n<\/tr>\n<tr>\n<th class=\"heading left middle\"><strong>Baud rate<\/strong><\/th>\n<td class=\"left middle\">10 Mbps<\/td>\n<\/tr>\n<tr>\n<th class=\"heading left middle\"><strong>Maximum transmission distance<\/strong><\/th>\n<td class=\"left middle\">50 m *1<\/td>\n<\/tr>\n<tr>\n<th class=\"heading left middle\"><strong>Minimum distance between stations<\/strong><\/th>\n<td class=\"left middle\">0.5 m<\/td>\n<\/tr>\n<tr>\n<th class=\"heading left middle\"><strong>Transmission media<\/strong><\/th>\n<td class=\"left middle\">Shielded, twisted-pair cables<\/td>\n<\/tr>\n<tr>\n<th class=\"heading left middle\"><strong>Maximum No. of stations<\/strong><\/th>\n<td class=\"left middle\">30 slave stations max. *2<\/td>\n<\/tr>\n<tr>\n<th class=\"heading left middle\"><strong>Topology<\/strong><\/th>\n<td class=\"left middle\">Bus<\/td>\n<\/tr>\n<tr>\n<th class=\"heading left middle\"><strong>Transfer cycle<\/strong><\/th>\n<td class=\"left middle\">250 \u03bcs to 8 ms<\/td>\n<\/tr>\n<tr>\n<th class=\"heading left middle\"><strong>Communications method<\/strong><\/th>\n<td class=\"left middle\">Master-slave, totally synchronous<\/td>\n<\/tr>\n<tr>\n<th class=\"heading left middle\"><strong>Encoding<\/strong><\/th>\n<td class=\"left middle\">Manchester encoding<\/td>\n<\/tr>\n<tr>\n<th class=\"heading left middle\"><strong>Data length<\/strong><\/th>\n<td class=\"left middle\">17 bytes\/32 bytes selectable *3<\/td>\n<\/tr>\n<\/tbody>\n<\/table>\n<\/div>\n<\/div>\n<\/div>\n<div class=\"component-blockA01\">\n<div class=\"text\">\n<div>*1. This distance is the total length of the cable connected between devices. However, the maximum length depends on<br \/>\nthe number of devices connected and whether Repeaters are used.<br \/>\n*2. Up to 16 devices can be connected to the CJ1W-NCF71(-MA), up to 2 devices can be connected to the CJ1W-NC271,<br \/>\nand up to 4 devices can be connected to the CJ1W-NC471.<br \/>\n*3. The PCU data length is fixed at 32 bytes.<\/div>\n<\/div>\n<\/div>\n<\/div>\n<div><\/div>\n<div>\n<div class=\"component-blockA01\">\n<div class=\"text\">\n<p>(Unit: mm)<\/p>\n<\/div>\n<\/div>\n<h4 class=\"heading-B02\">CJ1W-NC271<br \/>\nCJ1W-NC471<br \/>\nCJ1W-NCF71<br \/>\nCJ1W-NCF71-MA<\/h4>\n<div class=\"component-blockA01\">\n<div class=\"image\"><img src=\"http:\/\/www.ia.omron.com\/Images\/1528_dm_113-105214.gif\" alt=\"CJ1W-NC[]71 Dimensions 2 CJ1W-NC271_Dim\" \/><\/div>\n<\/div>\n<\/div>\n<div><\/div>\n<div>\n<table id=\"global_data\" class=\"tableA01 tablesorter\" border=\"1\" cellspacing=\"0\">\n<thead>\n<tr class=\"tablesorter-header\">\n<th class=\"dl_name\">\n<div class=\"tablesorter-header-inner\">Catalog Name<\/div>\n<\/th>\n<th class=\"dl_cat_number\">\n<div class=\"tablesorter-header-inner\">Catalog Number<br \/>\n[size]<\/div>\n<\/th>\n<th class=\"dl_date tablesorter-header\">\n<div class=\"tablesorter-header-inner\">Last Update<\/div>\n<\/th>\n<\/tr>\n<\/thead>\n<tbody>\n<tr class=\"odd first-child\">\n<td><a href=\"http:\/\/www.ia.omron.com\/data_pdf\/cat\/cj1w-nc_71_ds_e_9_4_csm1697.pdf?id=1528\" target=\"_blank\" rel=\"noopener\"><img loading=\"lazy\" class=\"iconD01\" src=\"http:\/\/www.ia.omron.com\/resources\/images\/icon_pdf.gif\" alt=\"\" width=\"11\" height=\"12\" \/>\u00a0CJ1W-NC[]71 Data Sheet<\/a><\/td>\n<td>&#8211;<br \/>\n<span class=\"file-size\">[981KB]<\/span><\/td>\n<td class=\"td_date\">May 12, 2016<\/td>\n<\/tr>\n<\/tbody>\n<\/table>\n<\/div>\n","protected":false},"excerpt":{"rendered":"<h2 class=\"heading-B02\">Decrease TCO with Simple Operation, Reduced Wiring, Batch Settings, and Batch Management<\/h2>\n","protected":false},"featured_media":1545,"comment_status":"open","ping_status":"closed","template":"","meta":[],"product_cat":[91,63,72],"product_tag":[],"_links":{"self":[{"href":"https:\/\/al-tet-onlinesales.adbridgessolution.com\/index.php\/wp-json\/wp\/v2\/product\/1591"}],"collection":[{"href":"https:\/\/al-tet-onlinesales.adbridgessolution.com\/index.php\/wp-json\/wp\/v2\/product"}],"about":[{"href":"https:\/\/al-tet-onlinesales.adbridgessolution.com\/index.php\/wp-json\/wp\/v2\/types\/product"}],"replies":[{"embeddable":true,"href":"https:\/\/al-tet-onlinesales.adbridgessolution.com\/index.php\/wp-json\/wp\/v2\/comments?post=1591"}],"wp:featuredmedia":[{"embeddable":true,"href":"https:\/\/al-tet-onlinesales.adbridgessolution.com\/index.php\/wp-json\/wp\/v2\/media\/1545"}],"wp:attachment":[{"href":"https:\/\/al-tet-onlinesales.adbridgessolution.com\/index.php\/wp-json\/wp\/v2\/media?parent=1591"}],"wp:term":[{"taxonomy":"product_cat","embeddable":true,"href":"https:\/\/al-tet-onlinesales.adbridgessolution.com\/index.php\/wp-json\/wp\/v2\/product_cat?post=1591"},{"taxonomy":"product_tag","embeddable":true,"href":"https:\/\/al-tet-onlinesales.adbridgessolution.com\/index.php\/wp-json\/wp\/v2\/product_tag?post=1591"}],"curies":[{"name":"wp","href":"https:\/\/api.w.org\/{rel}","templated":true}]}}