{"id":1556,"date":"2019-01-03T07:16:33","date_gmt":"2019-01-03T07:16:33","guid":{"rendered":"http:\/\/al-tet-onlinesales.allyoulovetrading.com\/?post_type=product&#038;p=1556"},"modified":"2019-01-03T07:16:35","modified_gmt":"2019-01-03T07:16:35","slug":"cj1w-fln22-2","status":"publish","type":"product","link":"https:\/\/al-tet-onlinesales.adbridgessolution.com\/index.php\/product\/cj1w-fln22-2\/","title":{"rendered":"CJ1W-FLN22"},"content":{"rendered":"<p>\u2022 Conforms to FL-net, a quickly spreading standard.<\/p>\n<p>\u2022 FL-net is a multivendor FA network at the controller\/machine level that is based on Ethernet. (It uses UDP\/IP.)<\/p>\n<p>\u2022 FL-net supports message transmissions and cyclic data transmissions. (Message transmissions are also possible using FINS communications.)<\/p>\n<p>\u2022 A CJ-series PLC can be used to interface communications between Ethernet information networks, OMRON&#8217;s Controller Link FA network, and DeviceNet field bus.<\/p>\n<h4 class=\"heading-B02\">International Standards<\/h4>\n<div class=\"component-blockA01\">\n<div class=\"text\">\n<ul class=\"listA01\">\n<li>The standards are abbreviated as follows: U: UL, U1: UL (Class I Division 2 Products for Hazardous Locations), C: CSA, UC: cULus, UC1: cULus (Class I Division 2 Products for Hazardous Locations), CU: cUL, N: NK, L: Lloyd, and CE: EC Directives.<\/li>\n<li>Contact your OMRON representative for further details and applicable conditions for these standards.<\/li>\n<\/ul>\n<\/div>\n<\/div>\n<h4 class=\"heading-A02\">FL-net Unit<\/h4>\n<div class=\"component-blockA01\">\n<div class=\"text\">\n<div class=\"table-blockA01\">\n<table class=\"tableA01\" border=\"0\" cellspacing=\"0\">\n<tbody>\n<tr>\n<th class=\"heading center middle\" colspan=\"1\" rowspan=\"2\"><strong>Unit<br \/>\ntype<\/strong><\/th>\n<td class=\"heading center middle\" colspan=\"1\" rowspan=\"2\"><strong>Product<br \/>\nname<\/strong><\/td>\n<th class=\"heading center middle\" colspan=\"3\" rowspan=\"1\"><strong>Specifications<\/strong><\/th>\n<td class=\"heading center middle\" colspan=\"1\" rowspan=\"2\"><strong>No. of<br \/>\nunit<br \/>\nnumbers<br \/>\nallocated<\/strong><\/td>\n<th class=\"heading center middle\" colspan=\"2\" rowspan=\"1\"><strong>Current<br \/>\nconsumption<br \/>\n(A)<\/strong><\/th>\n<td class=\"heading center middle\" colspan=\"1\" rowspan=\"2\"><strong>Model<\/strong><\/td>\n<th class=\"heading center middle\" colspan=\"1\" rowspan=\"2\"><strong>Standards<\/strong><\/th>\n<\/tr>\n<tr>\n<th class=\"heading center middle\"><strong>Communications<br \/>\ninterface<\/strong><\/th>\n<td class=\"heading center middle\"><strong>Communications<br \/>\nfunctions<\/strong><\/td>\n<th class=\"heading center middle\"><strong>Max. Units<br \/>\nmountable<br \/>\nper CPU<br \/>\nUnits<\/strong><\/th>\n<td class=\"heading center middle\"><strong>5V<\/strong><\/td>\n<th class=\"heading center middle\"><strong>24V<\/strong><\/th>\n<\/tr>\n<tr>\n<th class=\"heading left middle\"><strong>CJ1<br \/>\nCPU<br \/>\nBus<br \/>\nUnit<\/strong><\/th>\n<td class=\"heading left middle\"><strong>FL-net<br \/>\nUnit<\/strong><\/p>\n<div class=\"image\"><strong><img title=\"1549_lu_1_1\" src=\"http:\/\/www.ia.omron.com\/Images\/1549_lu_1_113-271739.gif\" alt=\"1549_lu_1_1\" \/><br \/>\n<\/strong><\/div>\n<\/td>\n<td class=\"left middle\">100BASE-TX<\/td>\n<td class=\"left middle\">With FL-net Ver. 2.0<br \/>\nspecifications<br \/>\n(OPCN-2)<br \/>\nData links and message<br \/>\nservice<\/td>\n<td class=\"center middle\">4<\/td>\n<td class=\"center middle\">1<\/td>\n<td class=\"center middle\">0.37<\/td>\n<td class=\"center middle\">&#8211;<\/td>\n<td class=\"left middle\"><strong>CJ1W-FLN22<\/strong><\/td>\n<td class=\"left middle\">UC1, CE<\/td>\n<\/tr>\n<\/tbody>\n<\/table>\n<\/div>\n<\/div>\n<\/div>\n<div class=\"component-blockA01\">\n<div class=\"text\">\n<div>Note: 1. There is no accessory for the CJ-series Ethernet Unit.<br \/>\n2. This unit cannot be used with the Machine Automation Controller NJ-series.<\/div>\n<\/div>\n<\/div>\n<h4 class=\"heading-A02\">Recommended Network Devices<\/h4>\n<div class=\"component-blockA01\">\n<div class=\"text\">\n<p>The following products are recommended for use with the FL-net Unit.<\/p>\n<\/div>\n<\/div>\n<div class=\"component-blockA01\">\n<div class=\"text\">\n<div class=\"table-blockA01\">\n<table class=\"tableA01\" border=\"0\" cellspacing=\"0\">\n<tbody>\n<tr>\n<th class=\"heading center middle\"><strong>Part<\/strong><\/th>\n<td class=\"heading center middle\"><strong>Maker<\/strong><\/td>\n<th class=\"heading center middle\"><strong>Model number<\/strong><\/th>\n<td class=\"heading center middle\"><strong>Specification<\/strong><\/td>\n<\/tr>\n<tr>\n<th class=\"heading left middle\" colspan=\"1\" rowspan=\"6\"><strong>Twisted-pair cable<\/strong><\/th>\n<td class=\"left middle\" colspan=\"3\" rowspan=\"1\">100BASE-TX<\/td>\n<\/tr>\n<tr>\n<td class=\"left middle\">Fujikura<\/td>\n<td class=\"left middle\">F-LINE-E 0.5mm \u00d7 4P<\/td>\n<td class=\"left middle\">STP (shielded twisted-pair) cable: Category 5,5e<br \/>\nNote: Impedance is limited 100 \u03a9.<\/td>\n<\/tr>\n<tr>\n<td class=\"left middle\">Fujikura<\/td>\n<td class=\"left middle\">CTP-LAN5 0.5mm \u00d7 4P<\/td>\n<td class=\"left middle\">UTP (unshielded twisted-pair) cable: Category 5,5e<\/td>\n<\/tr>\n<tr>\n<td class=\"left middle\" colspan=\"3\" rowspan=\"1\">100BASE-TX<\/td>\n<\/tr>\n<tr>\n<td class=\"left middle\">Fujikura<\/td>\n<td class=\"left middle\">F-LINE-E 0.5mm \u00d7 4P<\/td>\n<td class=\"left middle\">STP (shielded twisted-pair) cable: Category 3,4,5,5e<br \/>\nNote: Impedance is limited 100 \u03a9.<\/td>\n<\/tr>\n<tr>\n<td class=\"left middle\">Fujikura<\/td>\n<td class=\"left middle\">CTP-LAN5 0.5mm \u00d7 4P<\/td>\n<td class=\"left middle\">UTP (unshielded twisted-pair) cable: Category 3,4,5,5e<\/td>\n<\/tr>\n<tr>\n<th class=\"heading left middle\" colspan=\"1\" rowspan=\"4\"><strong>Connector<br \/>\n(Modular plug)<\/strong><\/th>\n<td class=\"left middle\" colspan=\"3\" rowspan=\"1\">STP Plug<\/td>\n<\/tr>\n<tr>\n<td class=\"left middle\">Panduit Corp<\/td>\n<td class=\"left middle\">MPS588<\/td>\n<td class=\"center middle\">&#8211;<\/td>\n<\/tr>\n<tr>\n<td class=\"left middle\" colspan=\"3\" rowspan=\"1\">UTP Plug<\/td>\n<\/tr>\n<tr>\n<td class=\"left middle\">Panduit Corp<\/td>\n<td class=\"left middle\">MP588-C<\/td>\n<td class=\"center middle\">&#8211;<\/td>\n<\/tr>\n<\/tbody>\n<\/table>\n<\/div>\n<\/div>\n<\/div>\n<p>&nbsp;<\/p>\n<h4 class=\"heading-A02\">FL-net Unit Specifications<\/h4>\n<div class=\"component-blockA01\">\n<div class=\"text\">\n<div class=\"table-blockA01\">\n<table class=\"tableA01\" border=\"0\" cellspacing=\"0\">\n<tbody>\n<tr>\n<th class=\"heading center middle\" colspan=\"2\" rowspan=\"1\"><strong>Item<\/strong><\/th>\n<td class=\"heading center middle\" colspan=\"2\" rowspan=\"1\"><strong>Specifications<\/strong><\/td>\n<\/tr>\n<tr>\n<th class=\"heading left middle\" colspan=\"2\" rowspan=\"1\"><strong>Model number<\/strong><\/th>\n<td class=\"left middle\" colspan=\"2\" rowspan=\"1\">CJ1W-FLN22<\/td>\n<\/tr>\n<tr>\n<th class=\"heading left middle\" colspan=\"2\" rowspan=\"1\"><strong>Type<\/strong><\/th>\n<td class=\"left middle\" colspan=\"2\" rowspan=\"1\">100Base-TX (10Base-T is also possible)<\/td>\n<\/tr>\n<tr>\n<th class=\"heading left middle\" colspan=\"2\" rowspan=\"1\"><strong>Applicable PLCs<\/strong><\/th>\n<td class=\"left middle\" colspan=\"2\" rowspan=\"1\">CJ-series PLCs<\/td>\n<\/tr>\n<tr>\n<th class=\"heading left middle\" colspan=\"2\" rowspan=\"1\"><strong>Unit classification<\/strong><\/th>\n<td class=\"left middle\" colspan=\"2\" rowspan=\"1\">CJ-series CPU Bus Unit<\/td>\n<\/tr>\n<tr>\n<th class=\"heading left middle\" colspan=\"2\" rowspan=\"1\"><strong>Mounting location<\/strong><\/th>\n<td class=\"left middle\" colspan=\"2\" rowspan=\"1\">CPU Rack or Expansion Rack<\/td>\n<\/tr>\n<tr>\n<th class=\"heading left middle\" colspan=\"2\" rowspan=\"1\"><strong>Number of Units that can be mounted<\/strong><\/th>\n<td class=\"left middle\" colspan=\"2\" rowspan=\"1\">4 max. (including Expansion Racks)<\/td>\n<\/tr>\n<tr>\n<th class=\"heading left middle\" colspan=\"1\" rowspan=\"7\"><strong>Transfer<br \/>\nspecifications<\/strong><\/th>\n<td class=\"heading left middle\"><strong>Media access method<\/strong><\/td>\n<td class=\"left middle\" colspan=\"2\" rowspan=\"1\">CSMA\/CD<\/td>\n<\/tr>\n<tr>\n<th class=\"heading left middle\"><strong>Modulation<\/strong><\/th>\n<td class=\"left middle\" colspan=\"2\" rowspan=\"1\">Baseband<\/td>\n<\/tr>\n<tr>\n<th class=\"heading left middle\"><strong>Transmission paths<\/strong><\/th>\n<td class=\"left middle\" colspan=\"2\" rowspan=\"1\">Star<\/td>\n<\/tr>\n<tr>\n<th class=\"heading left middle\"><strong>Baud rate<\/strong><\/th>\n<td class=\"left middle\">100 Mbps (100Base-TX)<\/td>\n<td class=\"left middle\">10 Mbps (10Base-T)<\/td>\n<\/tr>\n<tr>\n<th class=\"heading left middle\"><strong>Transmission media<\/strong><\/th>\n<td class=\"left middle\">Unshielded twisted-pair (UTP) cable<br \/>\nCategories: 5, 5e<br \/>\nShielded twisted-pair (STP) cable<br \/>\nCategories: 100 \u03a9 at 5, 5e<\/td>\n<td class=\"left middle\">Unshielded twisted-pair (UTP) cable<br \/>\nCategories: 3, 4, 5, 5e<br \/>\nShielded twisted-pair (STP) cable<br \/>\nCategories: 100 \u03a9 at 3, 4, 5, 5e<\/td>\n<\/tr>\n<tr>\n<th class=\"heading left middle\"><strong>Transmission distance<\/strong><\/th>\n<td class=\"left middle\" colspan=\"2\" rowspan=\"1\">100 m max. (distance between hub and node)<\/td>\n<\/tr>\n<tr>\n<th class=\"heading left middle\"><strong>Number of cascade<br \/>\nconnections with repeater hub<\/strong><\/th>\n<td class=\"left middle\">2<\/td>\n<td class=\"left middle\">4<\/td>\n<\/tr>\n<tr>\n<th class=\"heading left middle\" colspan=\"2\" rowspan=\"1\"><strong>Current consumption (Unit)<\/strong><\/th>\n<td class=\"left middle\" colspan=\"2\" rowspan=\"1\">370 mA max. at 5 VDC<\/td>\n<\/tr>\n<tr>\n<th class=\"heading left middle\" colspan=\"2\" rowspan=\"1\"><strong>Vibration resistance<\/strong><\/th>\n<td class=\"left middle\" colspan=\"2\" rowspan=\"1\">Conforms to JIS 0040.<br \/>\n10 to 57 Hz, 0.075-mm amplitude, 57 to 150 Hz, acceleration: 9.8 m\/s<sup>2<\/sup>\u00a0in X, Y, and Z<br \/>\ndirections for 80 minutes each<br \/>\n(Time coefficient; 8 minutes \u00d7 coefficient factor 10 = total time 80 minutes)<\/td>\n<\/tr>\n<tr>\n<th class=\"heading left middle\" colspan=\"2\" rowspan=\"1\"><strong>Shock resistance<\/strong><\/th>\n<td class=\"left middle\" colspan=\"2\" rowspan=\"1\">Conforms to JIS 0041.<br \/>\n147 m\/s<sup>2<\/sup>\u00a0three times each in X, Y, and Z directions<\/td>\n<\/tr>\n<tr>\n<th class=\"heading left middle\" colspan=\"2\" rowspan=\"1\"><strong>Ambient temperature<\/strong><\/th>\n<td class=\"left middle\" colspan=\"2\" rowspan=\"1\">Operating: 0 to 55\u00b0C<br \/>\nStorage: -20 to 75\u00b0C<\/td>\n<\/tr>\n<tr>\n<th class=\"heading left middle\" colspan=\"2\" rowspan=\"1\"><strong>Humidity<\/strong><\/th>\n<td class=\"left middle\" colspan=\"2\" rowspan=\"1\">10% to 90% (with no condensation)<\/td>\n<\/tr>\n<tr>\n<th class=\"heading left middle\" colspan=\"2\" rowspan=\"1\"><strong>Atmosphere<\/strong><\/th>\n<td class=\"left middle\" colspan=\"2\" rowspan=\"1\">Must be free from corrosive gas.<\/td>\n<\/tr>\n<tr>\n<th class=\"heading left middle\" colspan=\"2\" rowspan=\"1\"><strong>Weight<\/strong><\/th>\n<td class=\"left middle\" colspan=\"2\" rowspan=\"1\">100 g max.<\/td>\n<\/tr>\n<tr>\n<th class=\"heading left middle\" colspan=\"2\" rowspan=\"1\"><strong>Dimensions<\/strong><\/th>\n<td class=\"left middle\" colspan=\"2\" rowspan=\"1\">31 \u00d7 90 \u00d7 65 mm (W \u00d7 H \u00d7 D)<\/td>\n<\/tr>\n<\/tbody>\n<\/table>\n<\/div>\n<\/div>\n<\/div>\n<p>&nbsp;<\/p>\n<div class=\"component-blockA01\">\n<div class=\"text\">\n<p>(Unit: mm)<\/p>\n<\/div>\n<\/div>\n<h4 class=\"heading-B02\">CJ1W-FLN22<\/h4>\n<div class=\"component-blockA01\">\n<div class=\"image\"><img src=\"http:\/\/www.ia.omron.com\/Images\/1549_dm_113-105732.gif\" alt=\"CJ1W-FLN22 Dimensions 1 CJ1W-FLN22_Dim\" \/><\/div>\n<\/div>\n<div><\/div>\n<div><\/div>\n<div>\n<div class=\"inner-contents-area\">\n<div class=\"primary-contents-area\">\n<div class=\"tabpanel-blockA01\">\n<div class=\"editable-block\">\n<div class=\"table-blockA01\">\n<table id=\"global_data\" class=\"tableA01 tablesorter\" border=\"1\" cellspacing=\"0\">\n<thead>\n<tr class=\"tablesorter-header\">\n<th class=\"dl_name\">\n<div class=\"tablesorter-header-inner\">Catalog Name<\/div>\n<\/th>\n<th class=\"dl_cat_number\">\n<div class=\"tablesorter-header-inner\">Catalog Number<br \/>\n[size]<\/div>\n<\/th>\n<th class=\"dl_date tablesorter-header\">\n<div class=\"tablesorter-header-inner\">Last Update<\/div>\n<\/th>\n<\/tr>\n<\/thead>\n<tbody>\n<tr class=\"odd first-child\">\n<td><a href=\"http:\/\/www.ia.omron.com\/data_pdf\/cat\/cj1w-fln22_ds_e_3_1_csm2177.pdf?id=1549\" target=\"_blank\" rel=\"noopener\"><img loading=\"lazy\" class=\"iconD01\" src=\"http:\/\/www.ia.omron.com\/resources\/images\/icon_pdf.gif\" alt=\"\" width=\"11\" height=\"12\" \/>\u00a0CJ1W-FLN22 Data Sheet<\/a><\/td>\n<td>&#8211;<br \/>\n<span class=\"file-size\">[474KB]<\/span><\/td>\n<td class=\"td_date\">Dec 09, 2016<\/td>\n<\/tr>\n<\/tbody>\n<\/table>\n<\/div>\n<\/div>\n<\/div>\n<\/div>\n<\/div>\n<div class=\"local-navi-area\">\n<div class=\"local-navi-area\">\n<div class=\"local-naviA01\">\n<h2 class=\"heading-link\"><\/h2>\n<\/div>\n<\/div>\n<\/div>\n<\/div>\n","protected":false},"excerpt":{"rendered":"<h2 class=\"heading-B02\">Connect to Multivendor Controller Networks<\/h2>\n","protected":false},"featured_media":1480,"comment_status":"open","ping_status":"closed","template":"","meta":[],"product_cat":[90,63,72],"product_tag":[],"_links":{"self":[{"href":"https:\/\/al-tet-onlinesales.adbridgessolution.com\/index.php\/wp-json\/wp\/v2\/product\/1556"}],"collection":[{"href":"https:\/\/al-tet-onlinesales.adbridgessolution.com\/index.php\/wp-json\/wp\/v2\/product"}],"about":[{"href":"https:\/\/al-tet-onlinesales.adbridgessolution.com\/index.php\/wp-json\/wp\/v2\/types\/product"}],"replies":[{"embeddable":true,"href":"https:\/\/al-tet-onlinesales.adbridgessolution.com\/index.php\/wp-json\/wp\/v2\/comments?post=1556"}],"wp:featuredmedia":[{"embeddable":true,"href":"https:\/\/al-tet-onlinesales.adbridgessolution.com\/index.php\/wp-json\/wp\/v2\/media\/1480"}],"wp:attachment":[{"href":"https:\/\/al-tet-onlinesales.adbridgessolution.com\/index.php\/wp-json\/wp\/v2\/media?parent=1556"}],"wp:term":[{"taxonomy":"product_cat","embeddable":true,"href":"https:\/\/al-tet-onlinesales.adbridgessolution.com\/index.php\/wp-json\/wp\/v2\/product_cat?post=1556"},{"taxonomy":"product_tag","embeddable":true,"href":"https:\/\/al-tet-onlinesales.adbridgessolution.com\/index.php\/wp-json\/wp\/v2\/product_tag?post=1556"}],"curies":[{"name":"wp","href":"https:\/\/api.w.org\/{rel}","templated":true}]}}